{"id":123,"date":"2012-01-30T16:44:35","date_gmt":"2012-01-30T16:44:35","guid":{"rendered":"http:\/\/127.0.0.1\/Chopin\/?page_id=123"},"modified":"2021-11-18T17:13:08","modified_gmt":"2021-11-18T17:13:08","slug":"maitre-jean-claude-vanden-eynden","status":"publish","type":"page","link":"https:\/\/www.fondationchopin.org\/fr\/index.php\/maitre-jean-claude-vanden-eynden\/","title":{"rendered":"Jean-Claude Vanden Eynden, le Maestro de La Fondation Chopin."},"content":{"rendered":"<p>Jean-Claude Vanden Eynden est n\u00e9 \u00e0 Bruxelles. Il commence le piano tr\u00e8s jeune et entre \u00e0 douze ans au Conservatoire Royal de musique de sa ville natale o\u00f9 il travaille sous la direction d\u2019Eduardo Del Pueyo jusqu\u2019\u00e0 la fin de ses \u00e9tudes \u00e0 la Chapelle Musicale Reine Elisabeth. Laur\u00e9at au concours Reine Elisabeth \u00e0 seize ans, il commence aussit\u00f4t une carri\u00e8re de soliste qui le m\u00e8nera sur tous les continents.<\/p>\n<p><img loading=\"lazy\" class=\"aligncenter size-full wp-image-604\" title=\"Jean-Claude-Vanden-Eynden-06\" src=\"http:\/\/www.fondationchopin.org\/wp-content\/uploads\/2012\/01\/Jean-Claude-Vanden-Eynden-06.jpg\" alt=\"\" width=\"611\" height=\"397\" srcset=\"https:\/\/www.fondationchopin.org\/wp-content\/uploads\/2012\/01\/Jean-Claude-Vanden-Eynden-06.jpg 611w, https:\/\/www.fondationchopin.org\/wp-content\/uploads\/2012\/01\/Jean-Claude-Vanden-Eynden-06-300x194.jpg 300w\" sizes=\"(max-width: 611px) 100vw, 611px\" \/>Jean-Claude Vanden Eynden a jou\u00e9 avec de nombreux orchestres symphoniques parmi lesquels : L&rsquo;Orchestre Symphonique de Saint-P\u00e9tersbourg, le Royal Philharmonic Orchestra de Londres, le Residentie Orkest de la Haye et plusieurs orchestres belges ainsi que les orchestres de chambre I Fiamminghi et Franz Liszt (Budapest). C\u2019est ainsi qu\u2019il a collabor\u00e9 avec des chefs prestigieux comme Paul Kletzky, Rudolph Barsha\u00ef ou encore Yuri Temirkanov.<\/p>\n<p>Il pratique \u00e9galement la musique de chambre avec des partenaires tels Augustin Dumay, Silvia Marcovici, Michaela Martin, Miriam Fried, V\u00e9ronique Bogaerts, G\u00e9rard Causs\u00e9, Frans Helmeron, Jos\u00e9 Van Dam, Walter Boeykens,\u00a0le Quatuor Enesco, Le Quatuor melos, Le Quatuor Ysage,\u2026.<\/p>\n<p>Son r\u00e9pertoire, extr\u00eamement vaste, comprend notamment la plupart des grands concertos, un large \u00e9ventail de pi\u00e8ces de musique de chambres ainsi qu\u2019une int\u00e9grale de l\u2019\u0153uvre pour piano seul de Maurice Ravel.<\/p>\n<p>Sa discographie est tr\u00e8s vari\u00e9e, citons particuli\u00e8rement les concertos de Grieg et d\u2019Arthur de Greef (1<sup>er\u00a0<\/sup>enregistrement mondial), la Sonate pour violon et piano de Lekeu (avec le regrett\u00e9 Philippe Hirshorn) et les sonates et trio pour clarinette de Brahms avec W.Boeykens (Grand prix du disque Caecilia).<\/p>\n<p>Il est r\u00e9guli\u00e8rement appel\u00e9 comme membre du jury au Concours reine Elisabeth ainsi qu\u2019\u00e0 d\u2019autres concours internationaux et a particip\u00e9 \u00e0 des Festivals tels que Korsholm (Finlande),\u00a0Umea (Su\u00e8de), Prades et La Chaise-Dieu (France) et surtout Stavelot (Belgique) dont il est le conseiller artistique depuis 1987.<\/p>\n<p>Il est actuellement professeur au Conservatoire de Bruxelles \u00e0 la Chapelle Musicale Reine Elisabeth et est le Directeur Artistique du Centre Europ\u00e9en de Ma\u00eetrise pianistique Eduardo Del Pueyo.<\/p>\n","protected":false},"excerpt":{"rendered":"<p>Jean-Claude Vanden Eynden est n\u00e9 \u00e0 Bruxelles. Il commence le piano tr\u00e8s jeune et entre \u00e0 douze ans au Conservatoire Royal de musique de sa ville natale o\u00f9 il travaille sous la direction d\u2019Eduardo Del Pueyo jusqu\u2019\u00e0 la fin de ses \u00e9tudes \u00e0 la Chapelle Musicale Reine Elisabeth. Laur\u00e9at au concours Reine Elisabeth \u00e0 seize &hellip; <a class=\"next\" href=\"https:\/\/www.fondationchopin.org\/fr\/index.php\/maitre-jean-claude-vanden-eynden\/\">Lire la suite<\/a><\/p>\n","protected":false},"author":8,"featured_media":0,"parent":0,"menu_order":0,"comment_status":"closed","ping_status":"closed","template":"","meta":[],"_links":{"self":[{"href":"https:\/\/www.fondationchopin.org\/fr\/index.php\/wp-json\/wp\/v2\/pages\/123"}],"collection":[{"href":"https:\/\/www.fondationchopin.org\/fr\/index.php\/wp-json\/wp\/v2\/pages"}],"about":[{"href":"https:\/\/www.fondationchopin.org\/fr\/index.php\/wp-json\/wp\/v2\/types\/page"}],"author":[{"embeddable":true,"href":"https:\/\/www.fondationchopin.org\/fr\/index.php\/wp-json\/wp\/v2\/users\/8"}],"replies":[{"embeddable":true,"href":"https:\/\/www.fondationchopin.org\/fr\/index.php\/wp-json\/wp\/v2\/comments?post=123"}],"version-history":[{"count":8,"href":"https:\/\/www.fondationchopin.org\/fr\/index.php\/wp-json\/wp\/v2\/pages\/123\/revisions"}],"predecessor-version":[{"id":1768,"href":"https:\/\/www.fondationchopin.org\/fr\/index.php\/wp-json\/wp\/v2\/pages\/123\/revisions\/1768"}],"wp:attachment":[{"href":"https:\/\/www.fondationchopin.org\/fr\/index.php\/wp-json\/wp\/v2\/media?parent=123"}],"curies":[{"name":"wp","href":"https:\/\/api.w.org\/{rel}","templated":true}]}}

<p>Jean-Claude Vanden Eynden est né à Bruxelles. Il commence le piano très jeune et entre à douze ans au Conservatoire Royal de musique de sa ville natale où il travaille sous la direction d’Eduardo Del Pueyo jusqu’à la fin de ses études à la Chapelle Musicale Reine Elisabeth. Lauréat au concours Reine Elisabeth à seize ans, il commence aussitôt une carrière de soliste qui le mènera sur tous les continents.</p>
<p><img loading="lazy" class="aligncenter size-full wp-image-604" title="Jean-Claude-Vanden-Eynden-06" src="http://www.fondationchopin.org/wp-content/uploads/2012/01/Jean-Claude-Vanden-Eynden-06.jpg" alt="" width="611" height="397" srcset="https://www.fondationchopin.org/wp-content/uploads/2012/01/Jean-Claude-Vanden-Eynden-06.jpg 611w, https://www.fondationchopin.org/wp-content/uploads/2012/01/Jean-Claude-Vanden-Eynden-06-300x194.jpg 300w" sizes="(max-width: 611px) 100vw, 611px" />Jean-Claude Vanden Eynden a joué avec de nombreux orchestres symphoniques parmi lesquels : L&rsquo;Orchestre Symphonique de Saint-Pétersbourg, le Royal Philharmonic Orchestra de Londres, le Residentie Orkest de la Haye et plusieurs orchestres belges ainsi que les orchestres de chambre I Fiamminghi et Franz Liszt (Budapest). C’est ainsi qu’il a collaboré avec des chefs prestigieux comme Paul Kletzky, Rudolph Barshaï ou encore Yuri Temirkanov.</p>
<p>Il pratique également la musique de chambre avec des partenaires tels Augustin Dumay, Silvia Marcovici, Michaela Martin, Miriam Fried, Véronique Bogaerts, Gérard Caussé, Frans Helmeron, José Van Dam, Walter Boeykens, le Quatuor Enesco, Le Quatuor melos, Le Quatuor Ysage,….</p>
<p>Son répertoire, extrêmement vaste, comprend notamment la plupart des grands concertos, un large éventail de pièces de musique de chambres ainsi qu’une intégrale de l’œuvre pour piano seul de Maurice Ravel.</p>
<p>Sa discographie est très variée, citons particulièrement les concertos de Grieg et d’Arthur de Greef (1<sup>er </sup>enregistrement mondial), la Sonate pour violon et piano de Lekeu (avec le regretté Philippe Hirshorn) et les sonates et trio pour clarinette de Brahms avec W.Boeykens (Grand prix du disque Caecilia).</p>
<p>Il est régulièrement appelé comme membre du jury au Concours reine Elisabeth ainsi qu’à d’autres concours internationaux et a participé à des Festivals tels que Korsholm (Finlande), Umea (Suède), Prades et La Chaise-Dieu (France) et surtout Stavelot (Belgique) dont il est le conseiller artistique depuis 1987.</p>
<p>Il est actuellement professeur au Conservatoire de Bruxelles à la Chapelle Musicale Reine Elisabeth et est le Directeur Artistique du Centre Européen de Maîtrise pianistique Eduardo Del Pueyo.</p>

<p>Jean-Claude Vanden Eynden est né à Bruxelles. Il commence le piano très jeune et entre à douze ans au Conservatoire Royal de musique de sa ville natale où il travaille sous la direction d’Eduardo Del Pueyo jusqu’à la fin de ses études à la Chapelle Musicale Reine Elisabeth. Lauréat au concours Reine Elisabeth à seize &hellip; <a class="next" href="https://www.fondationchopin.org/fr/index.php/maitre-jean-claude-vanden-eynden/">Lire la suite</a></p>
