{"id":14,"date":"2012-01-29T13:30:38","date_gmt":"2012-01-29T13:30:38","guid":{"rendered":"http:\/\/127.0.0.1\/Chopin\/?page_id=4"},"modified":"2026-04-03T14:22:36","modified_gmt":"2026-04-03T14:22:36","slug":"fondation-chopin","status":"publish","type":"page","link":"https:\/\/www.fondationchopin.org\/fr\/index.php\/fondation-chopin\/","title":{"rendered":"Historique de la Fondation Stichting Stiftung Chopin 1999-2026"},"content":{"rendered":"<p>La Fondation Chopin a \u00e9t\u00e9 fond\u00e9e en 1999, sous l\u2019impulsion de Madame Chantal Lobert qui \u00e9tait vice-pr\u00e9sidente d&rsquo;une chambre de commerce bilat\u00e9rale avec la Pologne et de Ma\u00eetre Jean-Claude Vanden Eynden \u00e0 la demande de l\u2019Ambassade de Pologne, par SEM Jan Wojciech Piekarski, Madame Chantal Lobert, Ma\u00eetre Jean-Claude Vanden Eynden, le Prince Michel Sapieha, Madame Micheline Briclet et Monsieur Lawrence Sepulchre<\/p>\n<p>Le Cabinet de Liedekerke, a assur\u00e9 b\u00e9n\u00e9volement la partie juridique de la cr\u00e9ation de la Fondation Chopin. Il est apparu, vu la pr\u00e9paration de l\u2019entr\u00e9e de la Pologne dans l\u2019Union Europ\u00e9enne, comme une \u00e9vidence, de cr\u00e9er une Fondation qui consoliderait une collaboration entre le monde des affaires et le monde culturel entre la Belgique et la Pologne.\u00a0 \u00a0\u00a0\u00a0\u00a0\u00a0\u00a0\u00a0\u00a0\u00a0\u00a0\u00a0\u00a0\u00a0\u00a0\u00a0\u00a0\u00a0\u00a0\u00a0\u00a0\u00a0\u00a0\u00a0\u00a0\u00a0\u00a0\u00a0\u00a0\u00a0\u00a0\u00a0\u00a0\u00a0\u00a0\u00a0\u00a0\u00a0\u00a0\u00a0\u00a0\u00a0\u00a0\u00a0\u00a0\u00a0\u00a0\u00a0\u00a0\u00a0\u00a0\u00a0\u00a0\u00a0\u00a0\u00a0\u00a0\u00a0\u00a0\u00a0<\/p>\n<p>Les co-fondateurs ont compris l\u2019int\u00e9r\u00eat de soutenir les jeunes talents musicaux polonais et belges. \u00a0Des jeunes musiciens qui ont r\u00e9ussi \u00e0 associer des ann\u00e9es d\u2019\u00e9tudes scolaires et musicales, par des efforts et une discipline de vie exemplaire. Ils quittent le conservatoire pour embrasser une vie professionnelle r\u00e9ussie et ind\u00e9pendante financi\u00e8rement.\u00a0\u00a0\u00a0\u00a0\u00a0\u00a0\u00a0\u00a0\u00a0\u00a0\u00a0\u00a0\u00a0\u00a0\u00a0\u00a0\u00a0\u00a0\u00a0\u00a0\u00a0\u00a0\u00a0\u00a0\u00a0\u00a0\u00a0\u00a0\u00a0\u00a0 \u00a0\u00a0\u00a0\u00a0\u00a0\u00a0\u00a0\u00a0\u00a0\u00a0\u00a0\u00a0\u00a0\u00a0\u00a0\u00a0\u00a0\u00a0\u00a0\u00a0\u00a0\u00a0\u00a0\u00a0\u00a0\u00a0\u00a0\u00a0<\/p>\n<p>Ces jeunes talents courageux qui ont toute l\u2019attention de notre Fondation, par l\u2019octroi et le financement de stages musicaux, ont besoin d\u2019un accompagnement\u00a0: les faire connaitre et leur offrir une opportunit\u00e9 de jouer en public.<\/p>\n<p>D\u00e8s le d\u00e9but, des personnalit\u00e9s importantes du monde \u00e9conomique et musical : tels \u00a0Madame Jos\u00e9e Deriu, Monsieur Philippe Delaunois, Monsieur Pascal Lizin, Monsieur Maciej Kaliski , le Gouverneur Dalem , la Princesse Czwetvertynska, Madame V\u00e9ronique Bogaert, Monsieur Laurent De Meyer \u00a0se sont investis et ont soutenu la r\u00e9alisation de concerts organis\u00e9s durant ces 20 ann\u00e9es, ils ont int\u00e9gr\u00e9 notre conseil d\u2019administration et cette \u00e9quipe dynamique a honor\u00e9 les buts de la Fondation Chopin.<\/p>\n<p>La Fondation Chopin a \u00e9t\u00e9 partenaire d\u2019Europalia Polska 2001.<\/p>\n<p>La Fondation Chopin a \u00e9t\u00e9 d\u00e9cor\u00e9e en 2013 par le Minist\u00e8re de la Culture de la R\u00e9publique de Pologne\u00a0: Odznake Honorowa \u00ab\u00a0Zasluzony dia Kultury Polskiej\u00a0\u00bb\u00a0: \u00ab\u00a0Decoration d\u2019Honneur du M\u00e9rite de la Culture Polonaise\u00a0\u00bb.\u00a0\u00a0\u00a0\u00a0\u00a0\u00a0\u00a0\u00a0\u00a0\u00a0\u00a0\u00a0\u00a0\u00a0\u00a0\u00a0\u00a0\u00a0\u00a0\u00a0\u00a0\u00a0\u00a0 \u00a0\u00a0\u00a0\u00a0\u00a0\u00a0\u00a0\u00a0\u00a0\u00a0\u00a0\u00a0\u00a0\u00a0\u00a0\u00a0\u00a0\u00a0\u00a0\u00a0\u00a0\u00a0\u00a0\u00a0\u00a0\u00a0\u00a0\u00a0\u00a0\u00a0\u00a0\u00a0\u00a0\u00a0\u00a0\u00a0\u00a0\u00a0\u00a0\u00a0\u00a0\u00a0\u00a0\u00a0\u00a0\u00a0\u00a0\u00a0\u00a0\u00a0\u00a0\u00a0\u00a0\u00a0\u00a0\u00a0\u00a0\u00a0\u00a0\u00a0\u00a0\u00a0\u00a0\u00a0\u00a0\u00a0\u00a0\u00a0\u00a0\u00a0\u00a0\u00a0\u00a0\u00a0\u00a0\u00a0\u00a0\u00a0\u00a0\u00a0\u00a0\u00a0\u00a0\u00a0\u00a0\u00a0\u00a0\u00a0\u00a0\u00a0\u00a0\u00a0\u00a0<\/p>\n<h4>1999-2026<\/h4>\n<p>L\u2019ann\u00e9e 2019 concr\u00e9tise la vingti\u00e8me ann\u00e9e d\u2019existence de la Fondation qui accueille dans son conseil d\u2019administration, la Comtesse Komorowska et Madame Catherine Sabbe.<\/p>\n<p>La Fondation accueille \u00e9galement comme conseillers, Madame Eliane Reyes, Madame Chantal Ansiau, Madame Agnes Theunissen, Madame Nada Zdero.<\/p>\n<p>Les membres du conseil d\u2019administration ainsi que les conseillers s\u2019impliquent b\u00e9n\u00e9volement dans le but de soutenir les jeunes musiciens dans leur \u00e9panouissement et leur r\u00e9ussite future.<\/p>\n<p>Le Conseil d\u2019administration remercie vivement son Pr\u00e9sident d\u2019Honneur Ma\u00eetre Jean-Claude Vanden Eynden, Mesdames V\u00e9ronique Bogaert et Eliane Reyes pour le soutien musical ind\u00e9fectible qu\u2019ils lui apportent.<\/p>\n<p>Depuis juin 2019, l\u2019ASBL Fondation Chopin est devenue \u00ab\u00a0La Fondation Stichting Stiftung Chopin\u00a0\u00bb, une Fondation Priv\u00e9e Nationale avec comme fondateurs, l\u2019Ambassade de la R\u00e9publique de Pologne repr\u00e9sent\u00e9e par SEM Rafal Siemianowski, Ma\u00eetre Jean-Claude Vanden Eynden, Madame Chantal Lobert, Madame Jos\u00e9e Deriu, Monsieur Philippe Delaunois et l\u2019ASBL Fondation Chopin.<\/p>\n<p>La Fondation Chopin a \u00e9t\u00e9 honor\u00e9e par la pr\u00e9sence et la participation, \u00e0 tous ses \u00e9v\u00e8nements, des ambassadeurs qui se sont succ\u00e9d\u00e9s\u00a0: SEM Piekarski, SEM Byczewski, SEM Czarlewski, SEM Harazim, SEM Siemianowski et actuellement Madam Charg\u00e9e d\u2019Affaires Katarzyna Skorzynska qui lui ont t\u00e9moign\u00e9 de la bienveillance, du conseil et lui ont r\u00e9serv\u00e9 une place privil\u00e9gi\u00e9e au sein de leur ambassade.<\/p>\n<p>Le conseil d\u2019administration de la Fondation Stichting Stiftung Chopin remercie les ambassadeurs pour leur confiance et leur patronage durant 25 ans.\u00a0\u00a0\u00a0\u00a0\u00a0\u00a0<\/p>\n<p>Le conseil d\u2019administration et les conseillers vous remercient de soutenir notre Fondation Stichting Stiftung Chopin et ses jeunes talents. En vous affiliant \u00e0 notre Fondation, permettez -leur, par votre soutien moral et financier, de d\u00e9velopper leur virtuosit\u00e9.<\/p>\n","protected":false},"excerpt":{"rendered":"<p>La Fondation Chopin a \u00e9t\u00e9 fond\u00e9e en 1999, sous l\u2019impulsion de Madame Chantal Lobert qui \u00e9tait vice-pr\u00e9sidente d&rsquo;une chambre de commerce bilat\u00e9rale avec la Pologne et de Ma\u00eetre Jean-Claude Vanden Eynden \u00e0 la demande de l\u2019Ambassade de Pologne, par SEM Jan Wojciech Piekarski, Madame Chantal Lobert, Ma\u00eetre Jean-Claude Vanden Eynden, le Prince Michel Sapieha, Madame &hellip; <a class=\"next\" href=\"https:\/\/www.fondationchopin.org\/fr\/index.php\/fondation-chopin\/\">Lire la suite<\/a><\/p>\n","protected":false},"author":8,"featured_media":0,"parent":0,"menu_order":0,"comment_status":"closed","ping_status":"closed","template":"","meta":[],"_links":{"self":[{"href":"https:\/\/www.fondationchopin.org\/fr\/index.php\/wp-json\/wp\/v2\/pages\/14"}],"collection":[{"href":"https:\/\/www.fondationchopin.org\/fr\/index.php\/wp-json\/wp\/v2\/pages"}],"about":[{"href":"https:\/\/www.fondationchopin.org\/fr\/index.php\/wp-json\/wp\/v2\/types\/page"}],"author":[{"embeddable":true,"href":"https:\/\/www.fondationchopin.org\/fr\/index.php\/wp-json\/wp\/v2\/users\/8"}],"replies":[{"embeddable":true,"href":"https:\/\/www.fondationchopin.org\/fr\/index.php\/wp-json\/wp\/v2\/comments?post=14"}],"version-history":[{"count":33,"href":"https:\/\/www.fondationchopin.org\/fr\/index.php\/wp-json\/wp\/v2\/pages\/14\/revisions"}],"predecessor-version":[{"id":2510,"href":"https:\/\/www.fondationchopin.org\/fr\/index.php\/wp-json\/wp\/v2\/pages\/14\/revisions\/2510"}],"wp:attachment":[{"href":"https:\/\/www.fondationchopin.org\/fr\/index.php\/wp-json\/wp\/v2\/media?parent=14"}],"curies":[{"name":"wp","href":"https:\/\/api.w.org\/{rel}","templated":true}]}}

<p>La Fondation Chopin a été fondée en 1999, sous l’impulsion de Madame Chantal Lobert qui était vice-présidente d&rsquo;une chambre de commerce bilatérale avec la Pologne et de Maître Jean-Claude Vanden Eynden à la demande de l’Ambassade de Pologne, par SEM Jan Wojciech Piekarski, Madame Chantal Lobert, Maître Jean-Claude Vanden Eynden, le Prince Michel Sapieha, Madame Micheline Briclet et Monsieur Lawrence Sepulchre</p>
<p>Le Cabinet de Liedekerke, a assuré bénévolement la partie juridique de la création de la Fondation Chopin. Il est apparu, vu la préparation de l’entrée de la Pologne dans l’Union Européenne, comme une évidence, de créer une Fondation qui consoliderait une collaboration entre le monde des affaires et le monde culturel entre la Belgique et la Pologne.                                                             </p>
<p>Les co-fondateurs ont compris l’intérêt de soutenir les jeunes talents musicaux polonais et belges.  Des jeunes musiciens qui ont réussi à associer des années d’études scolaires et musicales, par des efforts et une discipline de vie exemplaire. Ils quittent le conservatoire pour embrasser une vie professionnelle réussie et indépendante financièrement.                                                           </p>
<p>Ces jeunes talents courageux qui ont toute l’attention de notre Fondation, par l’octroi et le financement de stages musicaux, ont besoin d’un accompagnement : les faire connaitre et leur offrir une opportunité de jouer en public.</p>
<p>Dès le début, des personnalités importantes du monde économique et musical : tels  Madame Josée Deriu, Monsieur Philippe Delaunois, Monsieur Pascal Lizin, Monsieur Maciej Kaliski , le Gouverneur Dalem , la Princesse Czwetvertynska, Madame Véronique Bogaert, Monsieur Laurent De Meyer  se sont investis et ont soutenu la réalisation de concerts organisés durant ces 20 années, ils ont intégré notre conseil d’administration et cette équipe dynamique a honoré les buts de la Fondation Chopin.</p>
<p>La Fondation Chopin a été partenaire d’Europalia Polska 2001.</p>
<p>La Fondation Chopin a été décorée en 2013 par le Ministère de la Culture de la République de Pologne : Odznake Honorowa « Zasluzony dia Kultury Polskiej » : « Decoration d’Honneur du Mérite de la Culture Polonaise ».                                                                                                                     </p>
<h4>1999-2026</h4>
<p>L’année 2019 concrétise la vingtième année d’existence de la Fondation qui accueille dans son conseil d’administration, la Comtesse Komorowska et Madame Catherine Sabbe.</p>
<p>La Fondation accueille également comme conseillers, Madame Eliane Reyes, Madame Chantal Ansiau, Madame Agnes Theunissen, Madame Nada Zdero.</p>
<p>Les membres du conseil d’administration ainsi que les conseillers s’impliquent bénévolement dans le but de soutenir les jeunes musiciens dans leur épanouissement et leur réussite future.</p>
<p>Le Conseil d’administration remercie vivement son Président d’Honneur Maître Jean-Claude Vanden Eynden, Mesdames Véronique Bogaert et Eliane Reyes pour le soutien musical indéfectible qu’ils lui apportent.</p>
<p>Depuis juin 2019, l’ASBL Fondation Chopin est devenue « La Fondation Stichting Stiftung Chopin », une Fondation Privée Nationale avec comme fondateurs, l’Ambassade de la République de Pologne représentée par SEM Rafal Siemianowski, Maître Jean-Claude Vanden Eynden, Madame Chantal Lobert, Madame Josée Deriu, Monsieur Philippe Delaunois et l’ASBL Fondation Chopin.</p>
<p>La Fondation Chopin a été honorée par la présence et la participation, à tous ses évènements, des ambassadeurs qui se sont succédés : SEM Piekarski, SEM Byczewski, SEM Czarlewski, SEM Harazim, SEM Siemianowski et actuellement Madam Chargée d’Affaires Katarzyna Skorzynska qui lui ont témoigné de la bienveillance, du conseil et lui ont réservé une place privilégiée au sein de leur ambassade.</p>
<p>Le conseil d’administration de la Fondation Stichting Stiftung Chopin remercie les ambassadeurs pour leur confiance et leur patronage durant 25 ans.      </p>
<p>Le conseil d’administration et les conseillers vous remercient de soutenir notre Fondation Stichting Stiftung Chopin et ses jeunes talents. En vous affiliant à notre Fondation, permettez -leur, par votre soutien moral et financier, de développer leur virtuosité.</p>

<p>La Fondation Chopin a été fondée en 1999, sous l’impulsion de Madame Chantal Lobert qui était vice-présidente d&rsquo;une chambre de commerce bilatérale avec la Pologne et de Maître Jean-Claude Vanden Eynden à la demande de l’Ambassade de Pologne, par SEM Jan Wojciech Piekarski, Madame Chantal Lobert, Maître Jean-Claude Vanden Eynden, le Prince Michel Sapieha, Madame &hellip; <a class="next" href="https://www.fondationchopin.org/fr/index.php/fondation-chopin/">Lire la suite</a></p>
