{"id":140,"date":"2012-01-30T18:25:02","date_gmt":"2012-01-30T18:25:02","guid":{"rendered":"http:\/\/127.0.0.1\/Chopin\/?page_id=140"},"modified":"2025-11-28T14:47:47","modified_gmt":"2025-11-28T14:47:47","slug":"laureats-de-la-fondation-chopin","status":"publish","type":"page","link":"https:\/\/www.fondationchopin.org\/fr\/index.php\/laureats-de-la-fondation-chopin\/","title":{"rendered":"Les Laur\u00e9ats de la Fondation Chopin"},"content":{"rendered":"<h2>Liste des Laur\u00e9ats de la Fondation Chopin Belgique<\/h2>\n<p>La <strong>Fondation Chopin<\/strong> discerne chaque ann\u00e9e deux \u00e0 cinq prix \u00e0 des laur\u00e9ats: Polonais et Belge.<\/p>\n<p>Pour le <strong>Laur\u00e9at belge<\/strong>: Un stage de piano en Pologne ou \u00e0 l&rsquo;\u00e9tranger sous la direction d\u2019un Professeur Polonais. (15 jours de logement, cours et r\u00e9ception \u00e0 l\u2019Ambassade avec mini-concert)<\/p>\n<p>Pour le <strong>Laur\u00e9at polonais<\/strong>: Un stage sous la direction du Professeur Jean-Claude Vanden Eynden au Centre Europ\u00e9en de Ma\u00eetrise Pianistique Eduardo del Pueyo ou \u00e0 l&rsquo;\u00e9tranger (logement, cours sous la direction du Ma\u00eetre Jean-Claude Vanden Eynden, une pr\u00e9sentation \u00e0 un concert organis\u00e9 par la Fondation Chopin et visite de Bruxelles), ou des cours chez un professeur de musique de son choix.<\/p>\n","protected":false},"excerpt":{"rendered":"<p>Liste des Laur\u00e9ats de la Fondation Chopin Belgique La Fondation Chopin discerne chaque ann\u00e9e deux \u00e0 cinq prix \u00e0 des laur\u00e9ats: Polonais et Belge. Pour le Laur\u00e9at belge: Un stage de piano en Pologne ou \u00e0 l&rsquo;\u00e9tranger sous la direction d\u2019un Professeur Polonais. (15 jours de logement, cours et r\u00e9ception \u00e0 l\u2019Ambassade avec mini-concert) Pour &hellip; <a class=\"next\" href=\"https:\/\/www.fondationchopin.org\/fr\/index.php\/laureats-de-la-fondation-chopin\/\">Lire la suite<\/a><\/p>\n","protected":false},"author":8,"featured_media":0,"parent":0,"menu_order":0,"comment_status":"closed","ping_status":"closed","template":"laureats.php","meta":[],"_links":{"self":[{"href":"https:\/\/www.fondationchopin.org\/fr\/index.php\/wp-json\/wp\/v2\/pages\/140"}],"collection":[{"href":"https:\/\/www.fondationchopin.org\/fr\/index.php\/wp-json\/wp\/v2\/pages"}],"about":[{"href":"https:\/\/www.fondationchopin.org\/fr\/index.php\/wp-json\/wp\/v2\/types\/page"}],"author":[{"embeddable":true,"href":"https:\/\/www.fondationchopin.org\/fr\/index.php\/wp-json\/wp\/v2\/users\/8"}],"replies":[{"embeddable":true,"href":"https:\/\/www.fondationchopin.org\/fr\/index.php\/wp-json\/wp\/v2\/comments?post=140"}],"version-history":[{"count":24,"href":"https:\/\/www.fondationchopin.org\/fr\/index.php\/wp-json\/wp\/v2\/pages\/140\/revisions"}],"predecessor-version":[{"id":2720,"href":"https:\/\/www.fondationchopin.org\/fr\/index.php\/wp-json\/wp\/v2\/pages\/140\/revisions\/2720"}],"wp:attachment":[{"href":"https:\/\/www.fondationchopin.org\/fr\/index.php\/wp-json\/wp\/v2\/media?parent=140"}],"curies":[{"name":"wp","href":"https:\/\/api.w.org\/{rel}","templated":true}]}}

Les Lauréats de la Fondation Chopin

<h2>Liste des Lauréats de la Fondation Chopin Belgique</h2>
<p>La <strong>Fondation Chopin</strong> discerne chaque année deux à cinq prix à des lauréats: Polonais et Belge.</p>
<p>Pour le <strong>Lauréat belge</strong>: Un stage de piano en Pologne ou à l&rsquo;étranger sous la direction d’un Professeur Polonais. (15 jours de logement, cours et réception à l’Ambassade avec mini-concert)</p>
<p>Pour le <strong>Lauréat polonais</strong>: Un stage sous la direction du Professeur Jean-Claude Vanden Eynden au Centre Européen de Maîtrise Pianistique Eduardo del Pueyo ou à l&rsquo;étranger (logement, cours sous la direction du Maître Jean-Claude Vanden Eynden, une présentation à un concert organisé par la Fondation Chopin et visite de Bruxelles), ou des cours chez un professeur de musique de son choix.</p>

<p>Liste des Lauréats de la Fondation Chopin Belgique La Fondation Chopin discerne chaque année deux à cinq prix à des lauréats: Polonais et Belge. Pour le Lauréat belge: Un stage de piano en Pologne ou à l&rsquo;étranger sous la direction d’un Professeur Polonais. (15 jours de logement, cours et réception à l’Ambassade avec mini-concert) Pour &hellip; <a class="next" href="https://www.fondationchopin.org/fr/index.php/laureats-de-la-fondation-chopin/">Lire la suite</a></p>
