{"id":123,"date":"2012-01-30T16:44:35","date_gmt":"2012-01-30T16:44:35","guid":{"rendered":"http:\/\/127.0.0.1\/Chopin\/?page_id=123"},"modified":"2021-11-18T17:13:08","modified_gmt":"2021-11-18T17:13:08","slug":"maitre-jean-claude-vanden-eynden","status":"publish","type":"page","link":"https:\/\/www.fondationchopin.org\/nl\/index.php\/maitre-jean-claude-vanden-eynden\/","title":{"rendered":"Jean-Claude Vanden Eynden"},"content":{"rendered":"<p>Jean-Claude Vanden Eynden werd te Brussel geboren. Reeds zeer jong begon hij piano te studeren en hij ging reeds op 12-jarige leeftijd naar het Koninklijk Muziekconservatorium van zijn stad.<\/p>\n<p>Heel zijn studies lang werkte hij onder leiding van Eduardo del Pueyo, om te beginnen in het Conservatorium en vervolgens in de Koningin Elisabeth Muziekkapel. Nauwelijks zestien jaar oud werd hij laureaat van de Koningin Elisabeth Wedstrijd. Onmiddellijk daarna startte zijn carri\u00e8re als solist die hem naar alle continenten leidde.<\/p>\n<p>Jean-Claude Vanden Eynden speelde met vele symphonische orkesten, waaronder het Symphonisch Orkest van Sint-Petersburg, het Royal Philharmonic Orchestra van Londen, het Residentie Orkest van Den Haag en verschillende Belgische orkesten.<\/p>\n<p><img loading=\"lazy\" class=\"aligncenter size-full wp-image-604\" title=\"Jean-Claude-Vanden-Eynden-06\" src=\"http:\/\/www.fondationchopin.org\/wp-content\/uploads\/2012\/01\/Jean-Claude-Vanden-Eynden-06.jpg\" alt=\"\" width=\"611\" height=\"397\" srcset=\"https:\/\/www.fondationchopin.org\/wp-content\/uploads\/2012\/01\/Jean-Claude-Vanden-Eynden-06.jpg 611w, https:\/\/www.fondationchopin.org\/wp-content\/uploads\/2012\/01\/Jean-Claude-Vanden-Eynden-06-300x194.jpg 300w\" sizes=\"(max-width: 611px) 100vw, 611px\" \/><\/p>\n<p>Jean-Claude Vanden Eynden voert eveneens kamermuziek uit met bijvoorbeeld de volgende partners: V\u00e9ronique Bogaerts, Marie Hallynck, Augustin Dumay, Silvia Marcovici, Michaela Martin, Miriam Fried, G\u00e9rard Causs\u00e9, Frans Helmerson, Jos\u00e9 Van Dam, Walter Boeykens, het Enesco kwartet, het Melos kwartet, het Ysa\u00ffe kwartet, en het C\u00e9sar Franck<br \/>\nEnsemble.<\/p>\n<p>Op dit ogenblik is hij ere-docent aan het Koninklijk Muziekconservatorium van Brussel, Master in Residence aan de Koningin Elisabeth Muziekkapel en Artistiek Directeur aan het Muziek Centrum Eduardo del Pueyo.<\/p>\n<p>Jean-Claude Vande Eynden werd in 2018 door koning Filip veredeld als ridder.<\/p>\n","protected":false},"excerpt":{"rendered":"<p>Jean-Claude Vanden Eynden werd te Brussel geboren. Reeds zeer jong begon hij piano te studeren en hij ging reeds op 12-jarige leeftijd naar het Koninklijk Muziekconservatorium van zijn stad. Heel zijn studies lang werkte hij onder leiding van Eduardo del Pueyo, om te beginnen in het Conservatorium en vervolgens in de Koningin Elisabeth Muziekkapel. Nauwelijks &hellip; <a class=\"next\" href=\"https:\/\/www.fondationchopin.org\/nl\/index.php\/maitre-jean-claude-vanden-eynden\/\">Lire la suite<\/a><\/p>\n","protected":false},"author":8,"featured_media":0,"parent":0,"menu_order":0,"comment_status":"closed","ping_status":"closed","template":"","meta":[],"_links":{"self":[{"href":"https:\/\/www.fondationchopin.org\/nl\/index.php\/wp-json\/wp\/v2\/pages\/123"}],"collection":[{"href":"https:\/\/www.fondationchopin.org\/nl\/index.php\/wp-json\/wp\/v2\/pages"}],"about":[{"href":"https:\/\/www.fondationchopin.org\/nl\/index.php\/wp-json\/wp\/v2\/types\/page"}],"author":[{"embeddable":true,"href":"https:\/\/www.fondationchopin.org\/nl\/index.php\/wp-json\/wp\/v2\/users\/8"}],"replies":[{"embeddable":true,"href":"https:\/\/www.fondationchopin.org\/nl\/index.php\/wp-json\/wp\/v2\/comments?post=123"}],"version-history":[{"count":8,"href":"https:\/\/www.fondationchopin.org\/nl\/index.php\/wp-json\/wp\/v2\/pages\/123\/revisions"}],"predecessor-version":[{"id":1768,"href":"https:\/\/www.fondationchopin.org\/nl\/index.php\/wp-json\/wp\/v2\/pages\/123\/revisions\/1768"}],"wp:attachment":[{"href":"https:\/\/www.fondationchopin.org\/nl\/index.php\/wp-json\/wp\/v2\/media?parent=123"}],"curies":[{"name":"wp","href":"https:\/\/api.w.org\/{rel}","templated":true}]}}

<p>Jean-Claude Vanden Eynden werd te Brussel geboren. Reeds zeer jong begon hij piano te studeren en hij ging reeds op 12-jarige leeftijd naar het Koninklijk Muziekconservatorium van zijn stad.</p>
<p>Heel zijn studies lang werkte hij onder leiding van Eduardo del Pueyo, om te beginnen in het Conservatorium en vervolgens in de Koningin Elisabeth Muziekkapel. Nauwelijks zestien jaar oud werd hij laureaat van de Koningin Elisabeth Wedstrijd. Onmiddellijk daarna startte zijn carrière als solist die hem naar alle continenten leidde.</p>
<p>Jean-Claude Vanden Eynden speelde met vele symphonische orkesten, waaronder het Symphonisch Orkest van Sint-Petersburg, het Royal Philharmonic Orchestra van Londen, het Residentie Orkest van Den Haag en verschillende Belgische orkesten.</p>
<p><img loading="lazy" class="aligncenter size-full wp-image-604" title="Jean-Claude-Vanden-Eynden-06" src="http://www.fondationchopin.org/wp-content/uploads/2012/01/Jean-Claude-Vanden-Eynden-06.jpg" alt="" width="611" height="397" srcset="https://www.fondationchopin.org/wp-content/uploads/2012/01/Jean-Claude-Vanden-Eynden-06.jpg 611w, https://www.fondationchopin.org/wp-content/uploads/2012/01/Jean-Claude-Vanden-Eynden-06-300x194.jpg 300w" sizes="(max-width: 611px) 100vw, 611px" /></p>
<p>Jean-Claude Vanden Eynden voert eveneens kamermuziek uit met bijvoorbeeld de volgende partners: Véronique Bogaerts, Marie Hallynck, Augustin Dumay, Silvia Marcovici, Michaela Martin, Miriam Fried, Gérard Caussé, Frans Helmerson, José Van Dam, Walter Boeykens, het Enesco kwartet, het Melos kwartet, het Ysaÿe kwartet, en het César Franck<br />
Ensemble.</p>
<p>Op dit ogenblik is hij ere-docent aan het Koninklijk Muziekconservatorium van Brussel, Master in Residence aan de Koningin Elisabeth Muziekkapel en Artistiek Directeur aan het Muziek Centrum Eduardo del Pueyo.</p>
<p>Jean-Claude Vande Eynden werd in 2018 door koning Filip veredeld als ridder.</p>
