{"id":352,"date":"2012-07-19T08:38:11","date_gmt":"2012-07-19T08:38:11","guid":{"rendered":"http:\/\/www.fondationchopin.org\/?page_id=352"},"modified":"2025-11-28T14:30:34","modified_gmt":"2025-11-28T14:30:34","slug":"le-conseil-dadministration-et-membres-fondateurs-de-la-fondation-chopin-belgique","status":"publish","type":"page","link":"https:\/\/www.fondationchopin.org\/pl\/index.php\/le-conseil-dadministration-et-membres-fondateurs-de-la-fondation-chopin-belgique\/","title":{"rendered":"Zarz\u0105d i cz\u0142onkowie za\u0142o\u017cyciele Fundacji Chopin Belgia"},"content":{"rendered":"<p style=\"text-align: center;\"><img loading=\"lazy\" class=\"aligncenter size-medium wp-image-2699\" src=\"https:\/\/www.fondationchopin.org\/wp-content\/uploads\/2025\/11\/IMG_2221-300x225.jpg\" alt=\"\" width=\"300\" height=\"225\" srcset=\"https:\/\/www.fondationchopin.org\/wp-content\/uploads\/2025\/11\/IMG_2221-300x225.jpg 300w, https:\/\/www.fondationchopin.org\/wp-content\/uploads\/2025\/11\/IMG_2221-1024x768.jpg 1024w, https:\/\/www.fondationchopin.org\/wp-content\/uploads\/2025\/11\/IMG_2221-768x576.jpg 768w, https:\/\/www.fondationchopin.org\/wp-content\/uploads\/2025\/11\/IMG_2221-1536x1152.jpg 1536w, https:\/\/www.fondationchopin.org\/wp-content\/uploads\/2025\/11\/IMG_2221-scaled.jpg 800w\" sizes=\"(max-width: 300px) 100vw, 300px\" \/><\/p>\n<h3>Embassy of the Republic of Poland (co-founder 1999)<\/h3>\n","protected":false},"excerpt":{"rendered":"<p>Embassy of the Republic of Poland (co-founder 1999)<\/p>\n","protected":false},"author":8,"featured_media":0,"parent":0,"menu_order":0,"comment_status":"open","ping_status":"open","template":"conseil.php","meta":[],"_links":{"self":[{"href":"https:\/\/www.fondationchopin.org\/pl\/index.php\/wp-json\/wp\/v2\/pages\/352"}],"collection":[{"href":"https:\/\/www.fondationchopin.org\/pl\/index.php\/wp-json\/wp\/v2\/pages"}],"about":[{"href":"https:\/\/www.fondationchopin.org\/pl\/index.php\/wp-json\/wp\/v2\/types\/page"}],"author":[{"embeddable":true,"href":"https:\/\/www.fondationchopin.org\/pl\/index.php\/wp-json\/wp\/v2\/users\/8"}],"replies":[{"embeddable":true,"href":"https:\/\/www.fondationchopin.org\/pl\/index.php\/wp-json\/wp\/v2\/comments?post=352"}],"version-history":[{"count":22,"href":"https:\/\/www.fondationchopin.org\/pl\/index.php\/wp-json\/wp\/v2\/pages\/352\/revisions"}],"predecessor-version":[{"id":1804,"href":"https:\/\/www.fondationchopin.org\/pl\/index.php\/wp-json\/wp\/v2\/pages\/352\/revisions\/1804"}],"wp:attachment":[{"href":"https:\/\/www.fondationchopin.org\/pl\/index.php\/wp-json\/wp\/v2\/media?parent=352"}],"curies":[{"name":"wp","href":"https:\/\/api.w.org\/{rel}","templated":true}]}}

Zarząd i członkowie założyciele Fundacji Chopin Belgia
